{"id":1876,"date":"2022-05-21T15:04:58","date_gmt":"2022-05-21T06:04:58","guid":{"rendered":"https:\/\/mito-kendo.website\/?page_id=1876"},"modified":"2022-05-23T10:32:03","modified_gmt":"2022-05-23T01:32:03","slug":"%e5%90%84%e7%a8%ae%e6%a1%88%e5%86%85%e9%80%81%e4%bb%98%e5%85%88%e7%99%bb%e9%8c%b2","status":"publish","type":"page","link":"https:\/\/mito-kendo.website\/?page_id=1876","title":{"rendered":"\u5404\u7a2e\u6848\u5185\u9001\u4ed8\u5148\u767b\u9332"},"content":{"rendered":"\n<div class=\"wpcf7 no-js\" id=\"wpcf7-f1874-o1\" lang=\"ja\" dir=\"ltr\" data-wpcf7-id=\"1874\">\n<div class=\"screen-reader-response\"><p role=\"status\" aria-live=\"polite\" aria-atomic=\"true\"><\/p> <ul><\/ul><\/div>\n<script type=\"text\/javascript\" charset=\"UTF-8\" src=\"https:\/\/zipaddr.github.io\/zipaddrx.js?v=1.42\"><\/script><script defer src=\"data:text\/javascript;base64,ZnVuY3Rpb24gemlwYWRkcl9vd25iKCl7WlAuZGxpPSctJztaUC53cD0nMSc7WlAudXZlcj0nNDg1MzQuMjgxOTcuMjI2MzknO1pQLnN5c2lkPSdDb250YWN0Rm9ybTcnO30=\"><\/script><script type=\"text\/javascript\" charset=\"UTF-8\" src=\"https:\/\/zipaddr.github.io\/contactform7.js\"><\/script><form action=\"\/index.php?rest_route=%2Fwp%2Fv2%2Fpages%2F1876#wpcf7-f1874-o1\" method=\"post\" class=\"wpcf7-form init\" aria-label=\"\u30b3\u30f3\u30bf\u30af\u30c8\u30d5\u30a9\u30fc\u30e0\" novalidate=\"novalidate\" data-status=\"init\">\n<fieldset class=\"hidden-fields-container\"><input type=\"hidden\" name=\"_wpcf7\" value=\"1874\" \/><input type=\"hidden\" name=\"_wpcf7_version\" value=\"6.1.5\" \/><input type=\"hidden\" name=\"_wpcf7_locale\" value=\"ja\" \/><input type=\"hidden\" name=\"_wpcf7_unit_tag\" value=\"wpcf7-f1874-o1\" \/><input type=\"hidden\" name=\"_wpcf7_container_post\" value=\"0\" \/><input type=\"hidden\" name=\"_wpcf7_posted_data_hash\" value=\"\" \/><input type=\"hidden\" name=\"_wpcf7_recaptcha_response\" value=\"\" \/>\n<\/fieldset>\n<p>\u25a0 \u672c\u4eba\u78ba\u8a8d\u60c5\u5831\u3092\u5165\u529b\uff08\u5165\u529b\u5fc5\u9808\uff09\n<\/p>\n<p><label>*\u3054\u82b3\u540d<br \/>\n\u3000<span class=\"wpcf7-form-control-wrap\" data-name=\"your-name\"><input size=\"40\" maxlength=\"400\" class=\"wpcf7-form-control wpcf7-text wpcf7-validates-as-required\" aria-required=\"true\" aria-invalid=\"false\" placeholder=\"\u6c34\u6238 \u5263\u592a\" value=\"\" type=\"text\" name=\"your-name\" \/><\/span> <\/label>\n<\/p>\n<p><label>*\u643a\u5e2f\u96fb\u8a71\u30fb\u30b9\u30de\u30fc\u30c8\u30d5\u30a9\u30f3\u306e\u96fb\u8a71\u756a\u53f7<br \/>\n\uff08\u30cf\u30a4\u30d5\u30f3\u306a\u305711\u6841\u30fb\u5165\u529b\u5fc5\u9808\uff09<br \/>\n\u3000<span class=\"wpcf7-form-control-wrap\" data-name=\"your-tel\"><input size=\"40\" maxlength=\"11\" minlength=\"11\" class=\"wpcf7-form-control wpcf7-tel wpcf7-validates-as-required wpcf7-text wpcf7-validates-as-tel\" aria-required=\"true\" aria-invalid=\"false\" placeholder=\"\u00d7\u00d7\u00d7\u00d7\u00d7\u00d7\u00d7\u00d7\u00d7\u00d7\u00d7\uff08\u30cf\u30a4\u30d5\u30f3\u306a\u3057\uff09\" value=\"\" type=\"tel\" name=\"your-tel\" \/><\/span><\/label>\n<\/p>\n<p>\u203b\u56fa\u5b9a\u96fb\u8a71\u756a\u53f7\uff0810\u6841\uff09\u306f\u9001\u4fe1\u3067\u304d\u307e\u305b\u3093\u3002\n<\/p>\n<p><label>*\u96fb\u5b50\u30e1\u30fc\u30eb\u30a2\u30c9\u30ec\u30b9\uff08\u5165\u529b\u5fc5\u9808\uff09<br \/>\n\u3000<span class=\"wpcf7-form-control-wrap\" data-name=\"email-241\"><input size=\"40\" maxlength=\"400\" class=\"wpcf7-form-control wpcf7-email wpcf7-validates-as-required wpcf7-text wpcf7-validates-as-email\" aria-required=\"true\" aria-invalid=\"false\" placeholder=\"xxxxxx@vvvvvvv.yyyy.jp\" value=\"\" type=\"email\" name=\"email-241\" \/><\/span><\/label>\n<\/p>\n<p>\u203b\u6c38\u7d9a\u6027\u306e\u3042\u308b\u3082\u306e\u3092\u304a\u4f7f\u3044\u304f\u3060\u3055\u3044\u3002<br \/>\n\u203b\u30ad\u30e3\u30ea\u30a2\u30e1\u30fc\u30eb\u30a2\u30c9\u30ec\u30b9\u300c@docomo.ne.jp\uff0c@ezweb.ne.jp\uff0c@softbank.ne.jp\u300d\u306f\u4f7f\u7528\u3057\u306a\u3044\u3067\u304f\u3060\u3055\u3044\u3002<br \/>\n\u203b\u96fb\u5b50\u30e1\u30fc\u30eb\u3092\u4f7f\u7528\u3057\u306a\u3044\uff0c\u307e\u305f\u306f\u767b\u9332\u3057\u306a\u3044\u5834\u5408\u306f\uff0c\u300cadmin@mito-kendo.website\u300d\u3068\u5165\u529b\u3057\u3066\u304f\u3060\u3055\u3044\u3002\n<\/p>\n<p>\u25a0 \u8ffd\u52a0\u30fb\u5909\u66f4\u3059\u308b\u60c5\u5831\u3092\u5165\u529b\uff08\u5165\u529b\u306f\u4efb\u610f\uff09\n<\/p>\n<p><label> \u90f5\u4fbf\u756a\u53f7\uff08\u30cf\u30a4\u30d5\u30f3\u306a\u3057\u3067\u5165\u529b\uff09<br \/>\n\u3000<span class=\"wpcf7-form-control-wrap\" data-name=\"zip\"><input size=\"40\" maxlength=\"400\" class=\"wpcf7-form-control wpcf7-text\" id=\"zip\" aria-invalid=\"false\" placeholder=\"\u00d7\u00d7\u00d7-\u00d7\u00d7\u00d7\u00d7\" value=\"\" type=\"text\" name=\"zip\" \/><\/span> <\/label><br \/>\n<label> \u4f4f\u6240\uff08\u90fd\u9053\u5e9c\u770c\uff09<br \/>\n\u3000<span class=\"wpcf7-form-control-wrap\" data-name=\"pref\"><input size=\"40\" maxlength=\"400\" class=\"wpcf7-form-control wpcf7-text\" id=\"pref\" aria-invalid=\"false\" placeholder=\"\uff08\u90f5\u4fbf\u756a\u53f7\u304b\u3089\u81ea\u52d5\u5165\u529b\uff09\" value=\"\" type=\"text\" name=\"pref\" \/><\/span><\/label><br \/>\n<label> \u4f4f\u6240\uff08\u5e02\u533a\u753a\u6751\u4ee5\u964d\uff09<br \/>\n\u3000<span class=\"wpcf7-form-control-wrap\" data-name=\"city\"><input size=\"40\" maxlength=\"400\" class=\"wpcf7-form-control wpcf7-text\" id=\"city\" aria-invalid=\"false\" placeholder=\"\u00d7\u00d7\u5e02\u00d7\u00d7\u753a\u00d7-\u00d7-\u00d7\" value=\"\" type=\"text\" name=\"city\" \/><\/span><\/label>\n<\/p>\n<p>\u25a0 \u5099\u3000\u8003<br \/>\n<span class=\"wpcf7-form-control-wrap\" data-name=\"textarea-774\"><textarea cols=\"40\" rows=\"10\" maxlength=\"2000\" class=\"wpcf7-form-control wpcf7-textarea\" aria-invalid=\"false\" placeholder=\"\u7279\u306b\u4f1d\u9054\u3057\u3066\u304a\u304d\u305f\u3044\u3053\u3068\u304c\u3042\u308c\u3070\u5165\u529b\u3057\u3066\u304f\u3060\u3055\u3044\u3002\" name=\"textarea-774\"><\/textarea><\/span>\n<\/p>\n<p>\u25a0 \u4ee5\u4e0a\u3092\u3054\u78ba\u8a8d\u306e\u4e0a\uff0c\u3053\u306e\u5185\u5bb9\u3067\u3088\u308d\u3057\u3051\u308c\u3070\uff0c\u4ee5\u4e0b\u306e\u25a1\u306b\u30c1\u30a7\u30c3\u30af\u3092\u5165\u308c\u3066\u304b\u3089\uff0c\u300c\u9001\u4fe1\u300d\u30dc\u30bf\u30f3\u3092\u30af\u30ea\u30c3\u30af\u3057\u3066\u304f\u3060\u3055\u3044\u3002\uff08\u5fc5\u9808\uff09\n<\/p>\n<p><span class=\"wpcf7-form-control-wrap\" data-name=\"checkbox-113\"><span class=\"wpcf7-form-control wpcf7-checkbox wpcf7-validates-as-required\"><span class=\"wpcf7-list-item first last\"><input type=\"checkbox\" name=\"checkbox-113[]\" value=\"\u4e0a\u8a18\u5185\u5bb9\u3092\u5168\u3066\u78ba\u8a8d\u3057\u305f\u4e0a\u3067\u9001\u4fe1\u3057\u307e\u3059\uff08\u5185\u5bb9\u306fSSL\u63a5\u7d9a\u3067\u6697\u53f7\u5316\u3055\u308c\u9001\u4fe1\u3055\u308c\u307e\u3059\uff09\u3002\" \/><span class=\"wpcf7-list-item-label\">\u4e0a\u8a18\u5185\u5bb9\u3092\u5168\u3066\u78ba\u8a8d\u3057\u305f\u4e0a\u3067\u9001\u4fe1\u3057\u307e\u3059\uff08\u5185\u5bb9\u306fSSL\u63a5\u7d9a\u3067\u6697\u53f7\u5316\u3055\u308c\u9001\u4fe1\u3055\u308c\u307e\u3059\uff09\u3002<\/span><\/span><\/span><\/span>\n<\/p>\n<p><input class=\"wpcf7-form-control wpcf7-submit has-spinner\" type=\"submit\" value=\"\u9001\u4fe1\" \/>\n<\/p><div class=\"wpcf7-response-output\" aria-hidden=\"true\"><\/div>\n<\/form>\n<\/div>\n\n","protected":false},"excerpt":{"rendered":"","protected":false},"author":1,"featured_media":0,"parent":0,"menu_order":0,"comment_status":"closed","ping_status":"closed","template":"","meta":{"footnotes":""},"class_list":["post-1876","page","type-page","status-publish","hentry"],"_links":{"self":[{"href":"https:\/\/mito-kendo.website\/index.php?rest_route=\/wp\/v2\/pages\/1876","targetHints":{"allow":["GET"]}}],"collection":[{"href":"https:\/\/mito-kendo.website\/index.php?rest_route=\/wp\/v2\/pages"}],"about":[{"href":"https:\/\/mito-kendo.website\/index.php?rest_route=\/wp\/v2\/types\/page"}],"author":[{"embeddable":true,"href":"https:\/\/mito-kendo.website\/index.php?rest_route=\/wp\/v2\/users\/1"}],"replies":[{"embeddable":true,"href":"https:\/\/mito-kendo.website\/index.php?rest_route=%2Fwp%2Fv2%2Fcomments&post=1876"}],"version-history":[{"count":2,"href":"https:\/\/mito-kendo.website\/index.php?rest_route=\/wp\/v2\/pages\/1876\/revisions"}],"predecessor-version":[{"id":1878,"href":"https:\/\/mito-kendo.website\/index.php?rest_route=\/wp\/v2\/pages\/1876\/revisions\/1878"}],"wp:attachment":[{"href":"https:\/\/mito-kendo.website\/index.php?rest_route=%2Fwp%2Fv2%2Fmedia&parent=1876"}],"curies":[{"name":"wp","href":"https:\/\/api.w.org\/{rel}","templated":true}]}}